ose 2*b - 267 = 3*k + c*k, k - 627 = -5*b. What are the prime factors of b?
2, 3, 7
Let f = 140849 + -72164. List the prime factors of f.
3, 5, 19, 241
Let p(g) = g + 21. Let m be p(0). Let z(u) = u**3 - 21*u**2 - 2*u + 48. Let i be z(m). List the prime factors of ((-80)/12)/(3 - 22/i).
2, 5
Let a be 42/(-7) + 6 + 110/1. Suppose 0 = a*j - 135*j + 38350. What are the prime factors of j?
2, 13, 59
Let k = 6 - 16. Let h = -13 - k. Let a(q) = -q**3 + 4*q**2 - 6. List the prime factors of a(h).
3, 19
Let i(o) = -o**2 + o + 147. Let d be i(14). What are the prime factors of (d - -1)/((-28)/462)?
3, 11, 17
Let q(n) = -2*n**2 - 21*n - 23. Let h be q(-9). Suppose 4*u = 4*t + u - 2555, 0 = h*t + 3*u - 2525. List the prime factors of t.
5, 127
Let o(n) = -359*n - 1366. What are the prime factors of o(-39)?
5, 7, 19
Suppose 11 = 4*x + 4*n + 67, 5*n = -4*x - 58. Let r be 64/3*x/(-2). Let q = 202 - r. What are the prime factors of q?
2, 37
Let q(f) = 45*f + 66. Let r be q(-9). Let l = 630 + r. List the prime factors of l.
3, 97
Let d(i) = -i + 5. Let f be d(11). Let a be 22*17 + -3 + (-24)/f. List the prime factors of -5*(-10)/a + (-5426)/(-30).
181
Suppose -3*q + 3*i = -1315 - 3020, 3*q - 4359 = -5*i. Suppose -q = 4*x - 1852. What are the prime factors of x?
101
Suppose 6351 - 1746 = i + 7*p, 0 = 4*i - 5*p - 18552. List the prime factors of i.
41, 113
Let u = 29 - 29. Let x(r) = r**2 - r + 5. Let k be x(u). Suppose 4*w - z - 130 = z, 3*w - 115 = k*z. List the prime factors of w.
2, 3, 5
Let r be 14 + 40/(-16) + (-4)/(-8). Suppose r*f - 13994 = -470. What are the prime factors of f?
7, 23
Let b = -49 - -54. Let g be (b/(-10))/(-2 - (-6)/4). List the prime factors of ((g/(-2))/(13/4888))/(-1).
2, 47
Let u be (3/(-4))/((-6)/40). Suppose -u*y + 49860 = 25*y. List the prime factors of y.
2, 3, 277
Let m = -215 + 176. Let c = m - -669. What are the prime factors of c?
2, 3, 5, 7
Let o = 9971 - 6827. Suppose 11*z = o + 486. List the prime factors of z.
2, 3, 5, 11
Let i = -31819 - -41794. List the prime factors of i.
3, 5, 7, 19
Suppose 2825 = 20*a + 8745. Let z = 302 + a. What are the prime factors of z?
2, 3
Suppose 0 = -85*y + 66*y + 57. Suppose -73*d + 10453 = -68*d + y*p, -d = -5*p - 2085. What are the prime factors of d?
2, 5, 11, 19
Suppose 34271 = 200*o - 7129. Let t = 26 - 99. Let b = o + t. What are the prime factors of b?
2, 67
Let v(r) = -177*r + 1551. What are the prime factors of v(-41)?
2, 3, 367
Let z(r) = -119*r + 14. Let n be z(-5). Let o = -246 + n. What are the prime factors of o?
3, 11
Let u be -10 + 4/((-8)/2). Let q(z) = z**2 - 24*z + 11. List the prime factors of q(u).
2, 3, 11
Suppose -2*d - 8735 = -l, 86*d - 82*d + 8725 = l. What are the prime factors of l?
3, 5, 11, 53
Suppose -o - 656 = 2*h, -24 = o - 4*h + 614. Let z = o + 1035. List the prime factors of z.
5, 7, 11
Suppose -4*j = 9*j + 286. List the prime factors of (j/4)/(34/(-5848)).
2, 11, 43
Let v(r) = -6*r - 6 - 3*r + 1. Let c(f) = f**2 + f - 159. Let x be c(-13). List the prime factors of v(x).
2, 11
Suppose n + 1768 = 14*n. Let d = 192 + n. What are the prime factors of d?
2, 41
Suppose 8*n + 14 = 10*n. Suppose 3*b + 0*b = 12, -g = -2*b - 43. Suppose 4*x + g = n*x. What are the prime factors of x?
17
Suppose -231104 = -2065*k + 2049*k. What are the prime factors of k?
2, 23, 157
Suppose 8*o - 5040 = 5024. Suppose 2*v - 2*s = -0*v + 1258, -2*v = s - o. What are the prime factors of v?
17, 37
Let o(w) = 70*w**2 + w + 6. Let c(u) = -6*u - 21. Let s be c(-5). Suppose -s*j + 14*j - 10 = 0. What are the prime factors of o(j)?
2, 3
Suppose -1123063 = -129*l + 7382810. What are the prime factors of l?
3, 31, 709
Suppose -106*h + 306984 = -33*h - 49*h. List the prime factors of h.
12791
Let x(p) be the second derivative of p**5/10 - 3*p**4/4 + p**3/2 - 11*p**2 + p. Suppose 4*u + 329 = -4*u + 55*u. What are the prime factors of x(u)?
2, 61
Let c(f) be the third derivative of f**4/24 - 11*f**3/3 + 9*f**2. Let o be c(19). Let i(w) = 7*w**2 - 4*w - 4. List the prime factors of i(o).
71
Let n(b) = -3*b**3 - 16*b**2 - 11*b - 64. What are the prime factors of n(-13)?
2, 3, 661
Let l(k) = k**3 + 4*k**2 - 21*k - 17. Let s = 109 + -115. What are the prime factors of l(s)?
37
Let o = -186 - -350. Let j be -5*(-1)/5 + o. Suppose 5*v + j = 16*v. What are the prime factors of v?
3, 5
Let k(r) = r**2 - 9*r + 20. Let j be k(7). Suppose -2*q + j*q - 48 = 0. Suppose -10*v + q*v = 204. What are the prime factors of v?
2, 3, 17
Suppose -52*s - 9*s + 376309 = 0. List the prime factors of s.
31, 199
Let x be 5 - (9/3 + 4 + -2). Suppose 0 = -2*o + 3*f + 101, -o - o - 2*f + 96 = x. List the prime factors of o.
7
Let w(m) = m**2 + 5*m - 10. Let u be w(-6). Let g be (-10)/(-1) - u/(-5 + 1). Suppose -g*d - d = -450. What are the prime factors of d?
3, 5
Suppose -54*z = -45*z + 108. Let c(y) be the third derivative of y**6/120 + y**5/5 - y**4/24 - 5*y**3/6 + y**2. List the prime factors of c(z).
7
List the prime factors of 4/(-22) - (-1520)/(-88)*4968/(-60).
2, 5, 11, 13
Let w be (1 + -533)/(0 - 1). Let m = 2592 + -2582. Suppose -m*y + 3*y = -w. What are the prime factors of y?
2, 19
Suppose 0 = 4*j - 24*j - 300. What are the prime factors of (-9 - -4)*1224/j?
2, 3, 17
Let x(f) = -f**3 - 43*f**2 + 542*f + 98. What are the prime factors of x(-58)?
2, 3, 3187
Let x(z) = 23*z + 1948. List the prime factors of x(-81).
5, 17
Let j(c) be the third derivative of 0*c + 14*c**2 + 4/3*c**3 + 1/30*c**5 + 13/24*c**4 + 0. What are the prime factors of j(-6)?
2
Let k(a) = -2*a**2 - 5*a + 93. Let v(g) = g**2 + 3*g - 47. Let n(z) = 4*k(z) + 7*v(z). Let i be n(-11). Let u = i - -362. What are the prime factors of u?
3, 7, 13
Suppose -2*i + s + 54502 = 0, -5*s + 4434 - 58960 = -2*i. List the prime factors of i.
2, 13, 131
Suppose 66794 = 2*j + 109*z - 111*z, 2*j = 4*z + 66788. List the prime factors of j.
2, 5, 167
Let g(p) = -p**3 + 17*p**2 - 17*p + 22. Let y be g(16). Suppose 2*n = y*n - 196. Let o = n - 29. List the prime factors of o.
2, 5
Suppose 5*h + 24 = 17*h. Suppose -2*f + 1745 = -3*m, -h*m - 947 = -4*f + 2555. List the prime factors of f.
877
Suppose -19181 = -2*t + 3*z, -5*t + 24*z = 21*z - 47939. What are the prime factors of t?
2, 4793
Suppose -4*q + 3*i = -2*q + 1, 3*q - 24 = -4*i. Suppose v + q*v = 145. Suppose v*c - 30*c + 53 = 0. List the prime factors of c.
53
Let p be (-7270)/4*(-324)/90. Suppose -p = -21*g + 4398. What are the prime factors of g?
521
Suppose 0 = -28*b + 5*b + 311123 + 555103. What are the prime factors of b?
2, 3, 6277
What are the prime factors of 181*127 + (-10 - (-25 + 15))?
127, 181
Let r = 479 + -431. Suppose 3*k - 5*m = -2*m + r, -3*k + 63 = 2*m. What are the prime factors of k?
19
Let t be -2*2 - -1 - (5 + -221). Let k = -474 + t. Let s = -183 - k. List the prime factors of s.
2, 3, 13
What are the prime factors of (2118/10)/(7/665)?
3, 19, 353
List the prime factors of (178/(-1))/(220/(-41690)).
89, 379
Let u = -2326 + 2887. What are the prime factors of u?
3, 11, 17
Let d(o) = o**2 - o - 1. Let v be d(3). Suppose 3*s - 1371 = -3*n, -n + 456 = 7*s - v*s. List the prime factors of n.
2, 229
Let u be 6/(-9) - 22/(-6). Suppose -7*b = -u*b + 36. What are the prime factors of 12/b*(-102)/4?
2, 17
Let r be (2/(-4))/((-7)/42). Suppose r*z - 14 = -2. Suppose 0 = -z*n + 3*s + 311, n - 86 = -0*n - 2*s. What are the prime factors of n?
2, 5
Suppose 2*g + 321 = 367. Let q be (21/(-9))/((-2)/174). Let h = g + q. What are the prime factors of h?
2, 113
Let t(d) = -d + 3. Let w be t(3). Suppose 4*r + 693 = 7*n - 2*n, w = 3*r + 3*n + 513. Let l = 287 + r. What are the prime factors of l?
5, 23
Let n(a) = a + 19. Let c be n(-5). Let t be 152/10*105/c. What are the prime factors of ((-2)/(-4) - 1)/((-1)/t)?
3, 19
Let o(p) = -47*p - 12. Let y be o(9). Let i be (-140)/(21/3)*-31. Let f = i + y. List the prime factors of f.
5, 37
Suppose 5*l - 12348 = -7*q, 12*l - 7428 = 9*l - q. What are the prime factors of l?
2, 3, 7, 59
Let z be 363/(-2) - 2/(-4). Let r = 437 + z. List the prime factors of r.
2
Suppose 16*i - 12*i - 448 = 0. Let j = -269 + i. Let b = -52 - j. What are the prime factors of b?
3, 5, 7
Let b = 15106 + -5828. What are the prime factors of b?
2, 4639
Let t(q) = -5*q - 39 - 13*q - 104. 